140?
False
Is 231999 a multiple of 69?
False
Is 1618322 a multiple of 37?
False
Is 29 a factor of 95958?
False
Is 1119019 a multiple of 429?
False
Is 27 a factor of 2158393?
False
Does 19 divide 4754788?
True
Is 191964 a multiple of 102?
True
Is 372281 a multiple of 53?
False
Is 18464 a multiple of 33?
False
Does 51 divide 237966?
True
Does 16 divide 26439177?
False
Is 1974096 a multiple of 36?
True
Is 2246779 a multiple of 113?
True
Is 506 a multiple of 506?
True
Does 17 divide 1112940?
False
Is 534192 a multiple of 744?
True
Does 106 divide 1311262?
False
Is 16 a factor of 1971920?
True
Is 8 a factor of 120808?
True
Does 262 divide 508542?
True
Is 84644 a multiple of 167?
False
Does 165 divide 1824570?
True
Is 1905625 a multiple of 13?
False
Is 56 a factor of 287185?
False
Is 863947 a multiple of 36?
False
Is 7 a factor of 8849183?
True
Is 340582 a multiple of 226?
True
Does 8 divide 2139602?
False
Is 47152 a multiple of 54?
False
Does 12 divide 37397?
False
Is 1631685 a multiple of 55?
True
Is 98520 a multiple of 12?
True
Is 11 a factor of 650452?
True
Is 550935 a multiple of 16?
False
Is 126837 a multiple of 13?
False
Is 20 a factor of 978160?
True
Is 10 a factor of 465303?
False
Is 26 a factor of 5882348?
False
Is 213033 a multiple of 27?
False
Is 4 a factor of 199832?
True
Does 15 divide 430693?
False
Is 2658192 a multiple of 24?
True
Does 4 divide 99338?
False
Does 23 divide 2005776?
False
Is 243 a factor of 10971450?
True
Is 7919314 a multiple of 13?
True
Is 695442 a multiple of 514?
True
Is 110 a factor of 2034560?
True
Is 5 a factor of 118066?
False
Is 112 a factor of 555072?
True
Is 39 a factor of 6629950?
False
Is 109875 a multiple of 125?
True
Is 88 a factor of 105160?
True
Does 15 divide 787491?
False
Is 82 a factor of 4802021?
False
Is 110514 a multiple of 76?
False
Is 29815 a multiple of 6?
False
Is 58520 a multiple of 24?
False
Is 90016 a multiple of 59?
False
Does 51 divide 24123?
True
Is 1408221 a multiple of 207?
True
Does 17 divide 8918?
False
Is 351773 a multiple of 122?
False
Is 7766742 a multiple of 38?
False
Is 22 a factor of 30273016?
False
Does 24 divide 3470918?
False
Is 708442 a multiple of 98?
True
Does 529 divide 9204071?
True
Is 1703482 a multiple of 3?
False
Is 10 a factor of 44619?
False
Is 275 a factor of 626561?
False
Is 374 a factor of 1570426?
True
Does 105 divide 552371?
False
Is 885203 a multiple of 35?
False
Is 861138 a multiple of 9?
True
Is 8052324 a multiple of 12?
True
Is 26 a factor of 18318088?
False
Is 585798 a multiple of 89?
True
Does 7 divide 3190229?
True
Is 124 a factor of 177940?
True
Is 45496 a multiple of 242?
True
Is 203976 a multiple of 6?
True
Does 60 divide 47472?
False
Is 151 a factor of 6681901?
True
Does 4 divide 158092?
True
Does 218 divide 5227640?
True
Does 9 divide 79954?
False
Does 13 divide 341430?
False
Is 9894447 a multiple of 17?
False
Is 201 a factor of 51456?
True
Is 3449837 a multiple of 38?
False
Does 43 divide 490974?
True
Does 14 divide 265664?
True
Does 20 divide 2099611?
False
Is 33 a factor of 6383932?
False
Is 25 a factor of 708275?
True
Is 2038641 a multiple of 16?
False
Does 24 divide 380304?
True
Is 462 a factor of 203280?
True
Does 28 divide 2052901?
False
Does 129 divide 19992?
False
Does 14 divide 276454?
False
Does 295 divide 2374750?
True
Is 582 a factor of 2356011?
False
Is 333134 a multiple of 173?
False
Is 2741847 a multiple of 101?
True
Is 36 a factor of 140256?
True
Is 223 a factor of 29213?
True
Does 11 divide 442173?
False
Is 281 a factor of 25852?
True
Does 5 divide 186331?
False
Does 178 divide 7056813?
False
Is 173187 a multiple of 63?
True
Is 136 a factor of 39984?
True
Does 31 divide 11588947?
True
Is 177 a factor of 41945?
False
Is 20 a factor of 6226868?
False
Does 14 divide 2138388?
True
Is 16 a factor of 4837936?
True
Does 39 divide 1125712?
False
Does 22 divide 1757492?
True
Does 1413 divide 14206043?
False
Does 294 divide 1175666?
False
Is 8 a factor of 127624?
True
Is 32 a factor of 198784?
True
Is 83 a factor of 2002873?
True
Is 1151752 a multiple of 56?
True
Is 11 a factor of 8155246?
True
Is 94566 a multiple of 6?
True
Is 157 a factor of 2097677?
True
Is 324 a factor of 784404?
True
Is 34 a factor of 123819?
False
Is 561 a factor of 9584685?
True
Is 6474003 a multiple of 281?
False
Is 4 a factor of 41034?
False
Is 16 a factor of 71059?
False
Does 29 divide 574501?
False
Does 12 divide 3790632?
True
Is 153 a factor of 129897?
True
Is 554092 a multiple of 22?
True
Is 402 a factor of 109344?
True
Is 322062 a multiple of 13?
True
Does 287 divide 2405464?
False
Is 10 a factor of 54380?
True
Is 9357459 a multiple of 16?
False
Is 4587591 a multiple of 538?
False
Is 812535 a multiple of 57?
True
Is 134340 a multiple of 9?
False
Does 21 divide 118020?
True
Is 11 a factor of 12161556?
True
Is 7118004 a multiple of 197?
True
Is 11413733 a multiple of 43?
False
Is 58 a factor of 1986848?
True
Is 11951412 a multiple of 484?
True
Is 42 a factor of 782031?
False
Is 43 a factor of 6309433?
True
Is 390138 a multiple of 22?
False
Is 10 a factor of 17405?
False
Is 438 a factor of 867427?
False
Is 28529 a multiple of 47?
True
Is 80560 a multiple of 166?
False
Does 15 divide 179394?
False
Is 5 a factor of 860000?
True
Is 26 a factor of 30892?
False
Is 155430 a multiple of 110?
True
Is 1282 a factor of 10811678?
False
Is 26567 a multiple of 42?
False
Is 10457410 a multiple of 115?
True
Does 41 divide 769775?
True
Is 168 a factor of 100800?
True
Does 163 divide 218318?
False
Is 2075 a factor of 19196519?
False
Does 486 divide 3230928?
True
Is 253254 a multiple of 68?
False
Is 84359 a multiple of 31?
False
Is 21 a factor of 29229?
False
Does 80 divide 88320?
True
Is 39 a factor of 2540318?
False
Does 58 divide 494276?
True
Is 5 a factor of 249040?
True
Does 25 divide 689975?
True
Does 216 divide 74855?
False
Is 4289535 a multiple of 334?
False
Is 4978298 a multiple of 41?
False
Is 38 a factor of 9044?
True
Is 478319 a multiple of 47?
True
Is 188 a factor of 222520?
False
Is 8 a factor of 1193062?
False
Is 51 a factor of 185844?
True
Does 39 divide 4814050?
False
Does 28 divide 126850?
False
Is 1914746 a multiple of 89?
True
Is 1870 a factor of 24090885?
False
Is 395 a factor of 411985?
True
Is 53 a factor of 330349?
True
Is 5 a factor of 315830?
True
Is 12124740 a multiple of 902?
False
Is 3 a factor of 350859?
True
Is 540360 a multiple of 456?
True
Is 3381453 a multiple of 17?
True
Is 11 a factor of 86207?
True
Is 48 a factor of 48192?
True
Is 1315353 a multiple of 48?
False
Is 17829 a multiple of 7?
True
Is 37608 a multiple of 8?
True
Is 92790 a multiple of 9?
True
Is 5347072 a multiple of 32?
True
Is 360 a factor of 3935880?
True
Is 5435325 a multiple of 225?
True
Does 37 divide 124196?
False
Does 16 divide 4208592?
True
Does 10 divide 299364?
False
Does 273 divide 4843566?
True
Is 39 a factor of 132327?
True
Is 1545750 a multiple of 75?
True
Does 15 divide 107038?
False
Is 1221 a factor of 2781438?
True
Is 5992285 a multiple of 503?
False
Is 340 a factor of 290360?
True
Is 2672283 a multiple of 124?
False
Does 3 divide 432604?
False
Does 40 divide 3685160?
True
Is 1769838 a multiple of 7?
True
Is 2261903 a multiple of 281?
False
Does 9 divide 408816?
True
Does 46 divide 179862?
False
Is 16540361 a multiple of 69?
False
Is 9 a factor of 3419206?
False
Does 30 divide 1793342?
False
Is 80 a factor of 205019?
False
Is 562782 a multiple of 11?
True
Is 269436 a multiple of 158?
False
Is 55282 a multiple of 262?
True
Is 114 a factor of 4516583?
False
Is 21374 a multiple of 2?
True
Is 1037 a factor of 5302181?
True
Does 9 divide 617202?
True
Is 25 a factor of 377777?
False
Does 9 divide 1071792?
True
Does 25 divide 297132?
False
Is 131 a factor of 10740952?
True
Is 463 a factor of 552822?
True
Does 60 divide 55380?
True
Is 138362 a multiple of 7?
True
Does 171 divide 902880?
True
Is 665097 a multiple of 159?
True
Is 5 a factor of 528750?
True
Does 9 divide 4263948?
True
Is 27 a factor of 925047?
True
Is 14 a factor of 29321?
False
Does 3 divide 22379?
False
Does 251 divide 565503?
True
Is 6 a factor of 493644?
True
Is 2081420 a multiple of 98?
False
Does 79 divide 394166?
False
Is 7214 a multiple of 14?
False
Is 2375 a multiple of 217?
False
Does 34 divide